t of 12061450?
0
What is the ten thousands digit of 174607?
7
What is the ten thousands digit of 236965?
3
What is the millions digit of 2573132?
2
What is the ten thousands digit of 4183511?
8
What is the ten millions digit of 18414179?
1
What is the hundreds digit of 406792?
7
What is the hundreds digit of 4885965?
9
What is the hundreds digit of 15296670?
6
What is the units digit of 578548?
8
What is the millions digit of 5415922?
5
What is the tens digit of 785252?
5
What is the hundred thousands digit of 3755098?
7
What is the thousands digit of 245443?
5
What is the hundreds digit of 2804820?
8
What is the tens digit of 3921011?
1
What is the ten thousands digit of 2797348?
9
What is the tens digit of 12598686?
8
What is the units digit of 191637?
7
What is the units digit of 359910?
0
What is the hundreds digit of 48814?
8
What is the hundred thousands digit of 103426?
1
What is the thousands digit of 4201022?
1
What is the ten thousands digit of 5477111?
7
What is the tens digit of 311282?
8
What is the hundred thousands digit of 12511881?
5
What is the hundreds digit of 219822?
8
What is the millions digit of 5211896?
5
What is the hundred thousands digit of 11715809?
7
What is the ten thousands digit of 3005729?
0
What is the thousands digit of 152988?
2
What is the hundreds digit of 1703616?
6
What is the units digit of 6458246?
6
What is the tens digit of 1022307?
0
What is the thousands digit of 16017573?
7
What is the tens digit of 39170169?
6
What is the tens digit of 208749?
4
What is the tens digit of 4565595?
9
What is the hundred thousands digit of 2386814?
3
What is the units digit of 119079?
9
What is the hundred thousands digit of 2377030?
3
What is the ten millions digit of 38642632?
3
What is the hundred thousands digit of 1966864?
9
What is the units digit of 514021?
1
What is the millions digit of 1607832?
1
What is the hundred thousands digit of 5070434?
0
What is the thousands digit of 532466?
2
What is the hundreds digit of 108492?
4
What is the hundred thousands digit of 579642?
5
What is the tens digit of 899126?
2
What is the hundreds digit of 5754990?
9
What is the ten thousands digit of 10263985?
6
What is the tens digit of 577594?
9
What is the hundred thousands digit of 5878070?
8
What is the hundreds digit of 139241?
2
What is the thousands digit of 876692?
6
What is the tens digit of 14221083?
8
What is the hundred thousands digit of 1177202?
1
What is the ten thousands digit of 114843?
1
What is the hundred thousands digit of 421652?
4
What is the units digit of 210289?
9
What is the hundred thousands digit of 6494899?
4
What is the hundred thousands digit of 441968?
4
What is the ten thousands digit of 2183274?
8
What is the units digit of 4238164?
4
What is the ten millions digit of 21560292?
2
What is the units digit of 279379?
9
What is the millions digit of 1213881?
1
What is the thousands digit of 92017?
2
What is the tens digit of 624651?
5
What is the hundred thousands digit of 5028597?
0
What is the hundred thousands digit of 525389?
5
What is the ten thousands digit of 1347584?
4
What is the tens digit of 93125?
2
What is the units digit of 158788?
8
What is the ten thousands digit of 467696?
6
What is the millions digit of 5519500?
5
What is the hundreds digit of 289146?
1
What is the thousands digit of 2745944?
5
What is the millions digit of 43596315?
3
What is the hundred thousands digit of 10816443?
8
What is the thousands digit of 182366?
2
What is the tens digit of 324021?
2
What is the hundreds digit of 3157080?
0
What is the thousands digit of 19737?
9
What is the tens digit of 6991712?
1
What is the millions digit of 13569332?
3
What is the thousands digit of 11941412?
1
What is the hundreds digit of 401384?
3
What is the thousands digit of 280689?
0
What is the tens digit of 395111?
1
What is the tens digit of 251991?
9
What is the hundred thousands digit of 330996?
3
What is the tens digit of 54076?
7
What is the tens digit of 52855?
5
What is the thousands digit of 1031671?
1
What is the hundreds digit of 873969?
9
What is the units digit of 1466657?
7
What is the thousands digit of 207431?
7
What is the ten thousands digit of 915151?
1
What is the thousands digit of 38973287?
3
What is the hundreds digit of 123642?
6
What is the hundreds digit of 823071?
0
What is the ten thousands digit of 3035308?
3
What is the thousands digit of 31309335?
9
What is the hundred thousands digit of 231055?
2
What is the thousands digit of 589593?
9
What is the hundreds digit of 180608?
6
What is the ten thousands digit of 4324330?
2
What is the units digit of 254169?
9
What is the tens digit of 319165?
6
What is the ten thousands digit of 76007?
7
What is the ten millions digit of 13868181?
1
What is the hundred thousands digit of 537252?
5
What is the units digit of 248918?
8
What is the hundreds digit of 312450?
4
What is the ten thousands digit of 1072817?
7
What is the thousands digit of 278097?
8
What is the tens digit of 19205865?
6
What is the ten thousands digit of 213903?
1
What is the hundred thousands digit of 6690951?
6
What is the units digit of 3933022?
2
What is the tens digit of 1370499?
9
What is the tens digit of 886158?
5
What is the hundreds digit of 7619461?
4
What is the tens digit of 166521?
2
What is the thousands digit of 453155?
3
What is the ten thousands digit of 9940100?
4
What is the tens digit of 32766?
6
What is the ten thousands digit of 1903605?
0
What is the tens digit of 1498844?
4
What is the millions digit of 1066871?
1
What is the units digit of 86320?
0
What is the tens digit of 7451858?
5
What is the hundreds digit of 1154086?
0
What is the tens digit of 195518?
1
What is the units digit of 3465646?
6
What is the hundred thousands digit of 1940093?
9
What is the tens digit of 2560132?
3
What is the millions digit of 5244064?
5
What is the hundred thousands digit of 4098567?
0
What is the hundreds digit of 1332560?
5
What is the units digit of 1412088?
8
What is the hundreds digit of 197891?
8
What is the units digit of 1135294?
4
What is the thousands digit of 653823?
3
What is the units digit of 76016?
6
What is the tens digit of 8702581?
8
What is the ten thousands digit of 501896?
0
What is the thousands digit of 514536?
4
What is the thousands digit of 3929760?
9
What is the hundreds digit of 11489207?
2
What is the hundred thousands digit of 2697139?
6
What is the hundreds digit of 395795?
7
What is the ten thousands digit of 10696528?
9
What is the hundred thousands digit of 122476?
1
What is the hundreds digit of 7981827?
8
What is the tens digit of 1790247?
4
What is the tens digit of 584685?
8
What is the tens digit of 1971624?
2
What is the units digit of 362831?
1
What is the hundred thousands digit of 2311201?
3
What is the thousands digit of 92213?
2
What is the units digit of 278935?
5
What is the tens digit of 1151143?
4
What is the thousands digit of 4268537?
8
What is the hundred thousands digit of 2766032?
7
What is the hundreds digit of 2968566?
5
What is the hundred thousands digit of 317288?
3
What is the thousands digit of 2325735?
5
What is the thousands digit of 592639?
2
What is the units digit of 20820099?
9
What is the thousands digit of 8415753?
5
What is the hundred thousands digit of 313839?
3
What is the hundred thousands digit of 458522?
4
What is the tens digit of 911233?
3
What is the ten thousands digit of 2860341?
6
What is the units digit of 3289278?
8
What is the tens digit of 402627?
2
What is the hundred thousands digit of 16733132?
7
What is the hundred thousands digit of 350018?
3
What is the ten thousands digit of 239784?
3
What is the units digit of 73305?
5
What is the tens digit of 6082381?
8
What is the hundred thousands digit of 877553?
8
What is the ten thousands digit of 816860?
1
What is the units digit of 28078904?
4
What is the hundreds digit of 273215?
2
What is the ten thousands digit of 444699?
4
What is the thousands digit of 3666939?
6
What is the tens digit of 6169413?
1
What is the thousands digit of 1377511?
7
What is the thousands digit of 282858?
2
What is the millions digit of 2483671?
2
What is the thousands digit of 209062?
9
What is the hundreds digit of 1706613?
6
What is the hundreds 